{"id":361,"date":"2024-04-08T09:27:30","date_gmt":"2024-04-08T09:27:30","guid":{"rendered":"http:\/\/www.yeniufuklarsigorta.com\/?page_id=361"},"modified":"2024-04-08T09:33:07","modified_gmt":"2024-04-08T09:33:07","slug":"kvkk","status":"publish","type":"page","link":"http:\/\/www.yeniufuklarsigorta.com\/index.php\/kvkk\/","title":{"rendered":"KVKK"},"content":{"rendered":"\t\t<div data-elementor-type=\"wp-page\" data-elementor-id=\"361\" class=\"elementor elementor-361\">\n\t\t\t\t\t\t<section class=\"elementor-section elementor-top-section elementor-element elementor-element-840ff7c elementor-section-boxed elementor-section-height-default elementor-section-height-default\" data-id=\"840ff7c\" data-element_type=\"section\">\n\t\t\t\t\t\t<div class=\"elementor-container elementor-column-gap-default\">\n\t\t\t\t\t<div class=\"aux-parallax-section elementor-column elementor-col-100 elementor-top-column elementor-element elementor-element-cdb5ae1\" data-id=\"cdb5ae1\" data-element_type=\"column\">\n\t\t\t<div class=\"elementor-widget-wrap elementor-element-populated\">\n\t\t\t\t\t\t<div class=\"elementor-element elementor-element-a105aff elementor-widget elementor-widget-aux_modern_heading\" data-id=\"a105aff\" data-element_type=\"widget\" data-widget_type=\"aux_modern_heading.default\">\n\t\t\t\t<div class=\"elementor-widget-container\">\n\t\t\t\t\t<section class=\"aux-widget-modern-heading\">\n            <div class=\"aux-widget-inner\"><h2 class=\"aux-modern-heading-primary\">KVKK Ayd\u0131nlatma Metni<\/h2><div class=\"aux-modern-heading-divider\"><\/div><div class=\"aux-modern-heading-description\"><p><strong>\u0130MT\u0130YAZ S\u0130GORTA ARACILIK H\u0130ZMETLER\u0130 A.\u015e.<\/strong><\/p><p><strong>6698 SAYILI K\u0130\u015e\u0130SEL VER\u0130LER\u0130N KORUNMASI KANUNU KAPSAMINDA AYDINLATMA METN\u0130<\/strong><\/p><p>\u0130mtiyaz Sigorta Arac\u0131l\u0131k Hizmetleri A.\u015e. (\u201cYeni Ufuklar Sigorta\u201d, \u201c\u015eirket\u201d, Veri Sorumlusu), y\u00fcr\u00fctmekte oldu\u011fu faaliyetler nedeniyle ki\u015fisel verilerinizin i\u015flenmesinde 6698 say\u0131l\u0131 Ki\u015fisel Verilerin Korunmas\u0131 Kanunu (\u201cKVKK\u201d)\u2019na uygun olarak her t\u00fcrl\u00fc teknik ve hukuki tedbiri almaktad\u0131r.<\/p><p>\u0130lgili ki\u015filer, ki\u015fisel verilerinin i\u015flenmesi, \u00fc\u00e7\u00fcnc\u00fc ki\u015filere aktar\u0131lmas\u0131, ki\u015fisel veri toplaman\u0131n hukuki sebepleri ile KVKK\u2019da yer alan haklar\u0131 konular\u0131nda detayl\u0131 bilgiye a\u015fa\u011f\u0131daki ayd\u0131nlatma metninden ula\u015fabilirler.<\/p><ol><li><strong> TANIMLAR<\/strong><\/li><\/ol><p>Ki\u015fisel Veri: Kimli\u011fi belirli veya belirlenebilir ger\u00e7ek ki\u015fiye ili\u015fkin her t\u00fcrl\u00fc bilgiyi ifade etmektedir.<\/p><p>Veri Sorumlusu: Ki\u015fisel verilerin i\u015fleme ama\u00e7lar\u0131n\u0131 ve vas\u0131talar\u0131n\u0131 belirleyen, veri kay\u0131t sisteminin kurulmas\u0131ndan ve y\u00f6netilmesinden sorumlu olan t\u00fczel ki\u015fiyi ifade etmektedir.<\/p><p>Veri i\u015fleyen: Veri sorumlusu ad\u0131na ki\u015fisel verileri kendisine verilen talimatlar \u00e7er\u00e7evesinde i\u015fleyen ger\u00e7ek veya t\u00fczel ki\u015filerdir.<\/p><ol start=\"2\"><li><strong> K\u0130\u015e\u0130SEL VER\u0130LER\u0130N \u0130\u015eLENME AMA\u00c7LARI<\/strong><\/li><\/ol><p>Ki\u015fisel verileriniz a\u015fa\u011f\u0131daki durum ve ko\u015fullarda veri sorumlusu ya da atayaca\u011f\u0131 ger\u00e7ek\/t\u00fczel ki\u015filer taraf\u0131ndan i\u015flenebilmektedir:<\/p><ul><li>\u00dcr\u00fcn ve hizmetlerimizi iyile\u015ftirmek, geli\u015ftirmek, \u00e7e\u015fitlendirmek ve ticari ili\u015fki i\u00e7erisinde oldu\u011fumuz ger\u00e7ek\/t\u00fczel ki\u015filere alternatifler sunabilmek amac\u0131yla,<\/li><li>Hizmet standartlar\u0131m\u0131z\u0131 y\u00fckseltmek, geli\u015ftirmek, yeni teknoloji ve uygulamalar\u0131n de\u011ferlendirmeleri ile ticari ve i\u015f stratejilerimizin belirlenmesi ve uygulanmas\u0131 amac\u0131yla,<\/li><li>\u0130lgili kanunlar kapsam\u0131nda hizmet al\u0131m\u0131 yap\u0131lmas\u0131 ve al\u0131m\u0131 yap\u0131lan bu hizmetler sonucu olu\u015fan s\u00f6zle\u015fme bedellerinin \u00f6denebilmesi amac\u0131yla,<\/li><li>S\u00f6zle\u015fmelerden do\u011fan y\u00fck\u00fcml\u00fcl\u00fcklerimizi veya hukuki y\u00fck\u00fcml\u00fcl\u00fcklerimizi yerine getirmek amac\u0131yla,<\/li><li>\u015eirket faaliyetlerimizin iyile\u015ftirilmesi amac\u0131yla,<\/li><li>Ticari ili\u015fki i\u00e7inde oldu\u011fumuz firmalara uyar\u0131\/bilgi mesajlar\u0131n\u0131n g\u00f6nderilmesi amac\u0131yla,<\/li><li>Bayram, kutlama ve tebrik mesajlar\u0131n\u0131n g\u00f6nderilmesi amac\u0131yla,<\/li><li>\u015eirketimize y\u00f6neltilen talep\/\u015fikayet\/\u00f6nerilerin de\u011ferlendirilmesi, sonu\u00e7land\u0131r\u0131lmas\u0131 ve geri bildirimin yap\u0131lmas\u0131 amac\u0131yla,<\/li><li>\u0130nsan kaynaklar\u0131 politikam\u0131z\u0131n planlanmas\u0131 ve y\u00fcr\u00fct\u00fclmesi amac\u0131yla,<\/li><li>\u00c7al\u0131\u015fanlar\u0131m\u0131z\u0131n performans d\u00fczeyinin ve \u00e7al\u0131\u015fan memnuniyetinin artt\u0131r\u0131lmas\u0131, sa\u011fl\u0131k durumlar\u0131n\u0131n i\u015fe uygunluk a\u00e7\u0131s\u0131ndan kontrol\u00fc, \u00fccretlerinin \u00f6denmesi, \u015fikayetlerinin de\u011ferlendirilmesi, e\u011fitim ve kariyer planlar\u0131n\u0131n belirlenmesi veya i\u015f sa\u011fl\u0131\u011f\u0131 ve g\u00fcvenli\u011finin sa\u011flanmas\u0131 amac\u0131yla,<\/li><li>\u0130\u015f veya staj ba\u015fvurusunda bulunan adaylar\u0131n de\u011ferlendirilmesi, i\u015fe al\u0131nanlar\u0131n i\u015fe ba\u015flatma i\u015flemlerinin yap\u0131lmas\u0131 amac\u0131yla,<\/li><li>\u00c7al\u0131\u015fanlar\u0131n kanuni izinlerinin d\u00fczenlenmesi, i\u015ften ayr\u0131lma i\u015flemlerinin yap\u0131lmas\u0131, i\u015fe devaml\u0131l\u0131klar\u0131n\u0131n tespiti amac\u0131yla,<\/li><li>\u00c7al\u0131\u015fma alanlar\u0131m\u0131z, i\u015fyerlerimiz, binalar\u0131m\u0131z, tesislerimiz, i\u015fletme sahalar\u0131m\u0131z ve ara\u00e7lar\u0131m\u0131zda ses ve g\u00f6r\u00fcnt\u00fc kay\u0131tlar\u0131n\u0131 g\u00fcvenlik, giri\u015f \u00e7\u0131k\u0131\u015f kontrol\u00fc ve \u00e7al\u0131\u015fma s\u00fcre\u00e7lerinin takibi amac\u0131yla;<\/li><li>Ses ve arama kay\u0131tlar\u0131 \u00e7a\u011fr\u0131 merkezlerimizle ya da \u015eirket telefonlar\u0131m\u0131zla ileti\u015fim sa\u011flanmas\u0131 halinde, ileti\u015fimin tespiti ve i\u00e7eri\u011fin belirlenebilmesi amac\u0131yla,<\/li><li>Kalite ve standart denetimlerimizi yapabilmek ya da i\u00e7 y\u00f6nergeler ve \u015firket politikas\u0131 ile belirlenmi\u015f raporlama ve sair y\u00fck\u00fcml\u00fcl\u00fcklerimizin yerine getirilmesi gibi ama\u00e7larla,<\/li><li>D\u00fczenleyici ve denetleyici kurumlarla, yasal d\u00fczenlemelerin gerektirdi\u011fi veya zorunlu k\u0131ld\u0131\u011f\u0131 \u015fekilde, KVKK\u2019 da belirtilmi\u015f yasal y\u00fck\u00fcml\u00fcl\u00fcklerin yerine getirilmesini sa\u011flamak amac\u0131yla,<\/li><li>S\u00fcr\u00fcc\u00fc bilgisi (ehliyet) ve tahsis edilen arac\u0131n GPS takip (lokasyon) bilgileri; ara\u00e7 tahsisi veya kiral\u0131k ara\u00e7 verilmesi durumunda bu s\u00fcrecin y\u00f6netilmesi amac\u0131yla,<\/li><li>Kurumsal ileti\u015fim ve etkinlik y\u00f6netimi aktiviteleri ve s\u00fcre\u00e7lerinde kullan\u0131lmas\u0131, taraf\u0131m\u0131zca sunulan hizmetlerden ki\u015fisel veri sahiplerini faydaland\u0131rmak i\u00e7in gerekli \u00e7al\u0131\u015fmalar\u0131n \u015eirketimizin i\u015f birimleri taraf\u0131ndan yerine getirilmesi amac\u0131yla,<\/li><li>Finansal raporlama ve risk y\u00f6netimi i\u015flemlerinin icras\u0131 ve takibi amac\u0131yla,<\/li><li>Mevzuatta veya kabul etti\u011fimiz politikalarda meydana gelen de\u011fi\u015fikliklerin bildirilmesi veya veri sahibini ilgilendiren bildirimlerin yap\u0131lmas\u0131 amac\u0131yla,<\/li><li>\u015eirketimizin me\u015fru menfaatlerini sa\u011flamak amac\u0131yla, i\u015flenmektedir.<\/li><\/ul><ol start=\"3\"><li><strong> K\u0130\u015e\u0130SEL VER\u0130LER\u0130N AKTARILMASI<\/strong><\/li><\/ol><p>\u0130\u015flenen ki\u015fisel verileriniz yukar\u0131daki ama\u00e7larla ve KVKK\u2019n\u0131n belirledi\u011fi ko\u015fullar \u00e7er\u00e7evesinde:<\/p><ul><li>Ticari faaliyetlerin yerine getirilebilmesi ve s\u00fcreklili\u011finin sa\u011flanabilmesi amac\u0131yla i\u015f ortaklar\u0131m\u0131za, tedarik\u00e7ilerimize,<\/li><li>\u00dcr\u00fcn ve hizmetlerin sa\u011flanabilmesi amac\u0131yla s\u0131n\u0131rl\u0131 olarak tedarik\u00e7ilerimize,<\/li><li>\u0130lgili mevzuat h\u00fck\u00fcmlerine ve \u015firket i\u00e7i y\u00f6nergelere g\u00f6re faaliyetlerimizin denetimi amac\u0131yla yetkili kurum ve kurulu\u015flar\u0131 ile ilgili s\u00f6zle\u015fmeler kapsam\u0131nda denetim firmalar\u0131na,<\/li><li>\u015eirketin de\u011ferini art\u0131rmak, internet altyap\u0131s\u0131n\u0131 geli\u015ftirmek ve g\u00fcncelli\u011fi korumak amac\u0131yla yurti\u00e7i ve\/veya yurtd\u0131\u015f\u0131 \u00f6zel ve kamu t\u00fczel ki\u015filiklerine,<\/li><li>\u0130lgili kamu kurum ve kurulu\u015flar\u0131n\u0131n talepleri do\u011frultusunda ve talep ama\u00e7lar\u0131yla s\u0131n\u0131rl\u0131 olarak hukuken yetkili kamu kurum ve kurulu\u015flar\u0131na,<\/li><li>\u015eirketimizin kulland\u0131\u011f\u0131 i\u015fletim sistemleri ve bilgisayar programlar\u0131n\u0131n veri tabanlar\u0131n\u0131n olu\u015fturulmas\u0131, program i\u015flerli\u011finin sa\u011flanmas\u0131 ve program\u0131n bak\u0131m ve onar\u0131m\u0131n\u0131n yap\u0131labilmesi amac\u0131yla, yurti\u00e7i ve yurtd\u0131\u015f\u0131nda kurulu yaz\u0131l\u0131m firmalar\u0131na ve teknoloji \u015firketlerine;<\/li><li>Bulut hizmetleri kapsam\u0131nda dijital verilerin yurti\u00e7i ve yurtd\u0131\u015f\u0131nda kurulu bulut hizmeti veren kurum\/kurulu\u015flara,<\/li><li>Acil t\u0131bbi m\u00fcdahaleler ve i\u015f sa\u011fl\u0131\u011f\u0131 ve g\u00fcvenli\u011fi y\u00fck\u00fcml\u00fcl\u00fcklerini yerine getirmek amac\u0131yla, i\u015f sa\u011fl\u0131\u011f\u0131 ve g\u00fcvenli\u011fi \u015firketlerine, hastaneler ve sa\u011fl\u0131k kurulu\u015flar\u0131na;<\/li><li>\u015eirketimiz bankac\u0131l\u0131k ve finans i\u015flemleri ile maa\u015f \u00f6demelerini ger\u00e7ekle\u015ftirmek amac\u0131yla; \u00e7al\u0131\u015fanlar\u0131m\u0131z\u0131n, tedarik\u00e7ilerimizin, i\u015f ortaklar\u0131m\u0131z\u0131n ve m\u00fc\u015fterilerimizin ki\u015fisel verileri ilgili banka ve finans kurumlar\u0131na;<\/li><li>Tamir, bak\u0131m, onar\u0131m ve servis hizmetleri y\u00fcr\u00fcten \u00e7\u00f6z\u00fcm orta\u011f\u0131 \u015firketlere, tedarik\u00e7ilerimize ve bu alanda faaliyet g\u00f6steren firmalara,<\/li><li>\u0130\u015fyeri g\u00fcvenli\u011finin sa\u011flanmas\u0131 amac\u0131yla g\u00fcvenlik \u015firketlerine,<\/li><li>\u00c7al\u0131\u015fan performans\u0131 ve fark\u0131ndal\u0131\u011f\u0131n\u0131n art\u0131r\u0131lmas\u0131; kalite standartlar\u0131m\u0131z\u0131n y\u00fckseltilmesi, maliyetlerin d\u00fc\u015f\u00fcr\u00fclmesi amac\u0131yla, mali, ticari ve finans, y\u00f6netim ve insan kaynaklar\u0131 gibi alanlar\u0131nda uzman dan\u0131\u015fmanl\u0131k firmalar\u0131na;<\/li><li>M\u00fc\u015fteri ve abone memnuniyeti \u00e7er\u00e7evesinde ara\u015ft\u0131rma ve anket faaliyetlerinin ger\u00e7ekle\u015ftirilmesi amac\u0131yla anla\u015fmal\u0131 oldu\u011fumuz ara\u015ft\u0131rma ve anket firmalar\u0131na aktarmaktay\u0131z.<\/li><\/ul><ol start=\"4\"><li><strong> K\u0130\u015e\u0130SEL VER\u0130 TOPLAMANIN Y\u00d6NTEM\u0130 VE HUKUK\u0130 SEBEB\u0130<\/strong><\/li><\/ol><p>Ki\u015fisel verileriniz, Yeni Ufuklar Sigorta veya Yeni Ufuklar Sigorta ad\u0131na veri i\u015fleyen ger\u00e7ek\/t\u00fczel ki\u015filer taraf\u0131ndan ba\u015fvuru formlar\u0131, e-devlet, fatura \u00f6deme merkezleri, vezneler, \u00f6deme noktalar\u0131, PTT, anla\u015fmal\u0131 bankalar, anla\u015fmal\u0131 kurumlar, internet sitesi, muhtelif s\u00f6zle\u015fmeler, her t\u00fcrl\u00fc bilgi formlar\u0131, anketler, i\u015f ba\u015fvuru formlar\u0131, i\u015f s\u00f6zle\u015fmeleri, sosyal medya uygulamalar\u0131, m\u00fc\u015fterilerimizden, tedarik\u00e7ilerimizden ve i\u015f ortaklar\u0131m\u0131zdan gelen yaz\u0131l\u0131, s\u00f6zl\u00fc ve dijital bildirimler, kimlik payla\u015f\u0131m sistemi, adres payla\u015f\u0131m sistemi, SMS kanallar\u0131, mobil uygulamalar\u0131m\u0131z, \u00e7a\u011fr\u0131 merkezleri arac\u0131l\u0131\u011f\u0131yla ve s\u00f6zl\u00fc, yaz\u0131l\u0131 veya elektronik kanallar arac\u0131l\u0131\u011f\u0131 ile a\u00e7\u0131k r\u0131zan\u0131z ya da KVKK\u2019 da \u00f6ng\u00f6r\u00fclen di\u011fer veri i\u015fleme \u015fartlar\u0131 kapsam\u0131nda toplanmaktad\u0131r.<\/p><p>Bu bilgiler, ticari ve idari faaliyetlerimizin, yasalar \u00e7er\u00e7evesinde sunulabilmesi ve bu kapsamda Yeni Ufuklar Sigorta\u2019n\u0131n ticari faaliyetlerini y\u00fcr\u00fctebilmesi ve yasalardan do\u011fan mesuliyetlerini eksiksiz ve do\u011fru bir \u015fekilde yerine getirebilmesi ama\u00e7lar\u0131yla edinilir.<\/p><ol start=\"5\"><li><strong> K\u0130\u015e\u0130SEL VER\u0130LER\u0130N SAKLANMASI, \u0130MHA ED\u0130LMES\u0130 VE ANON\u0130MLE\u015eT\u0130R\u0130LMES\u0130<\/strong><\/li><\/ol><p>\u015eirketimiz, elde etmi\u015f oldu\u011fu ki\u015fisel verileri, ki\u015fisel verilerin i\u015flenmesi amac\u0131 do\u011frultusunda, i\u015fleme amac\u0131yla orant\u0131l\u0131 bir \u015fekilde saklamaktad\u0131r. Ki\u015fisel veriler, i\u015flenme amac\u0131n\u0131n ve\/veya sebebinin ortadan kalkm\u0131\u015f olmas\u0131 durumunda ilgili mevzuat\u0131n gerektirdi\u011fi s\u00fcre sonuna kadar saklanmaktad\u0131r. Ki\u015fisel verilerin i\u015flenme amac\u0131 ve sebebi ortadan kalkt\u0131\u011f\u0131nda, yasalardan kaynaklanan y\u00fck\u00fcml\u00fcl\u00fcklerimizin temini i\u00e7in gerekli zamana\u015f\u0131m\u0131 s\u00fcreleri tamamland\u0131\u011f\u0131nda ki\u015fisel verileriniz imha edilecek veya anonim hale getirilecektir. Kamu hizmetinden kaynaklanan istisna kapsam\u0131ndaki ki\u015fisel verilerin imha edilmesi ve anonim hale getirilmesi ba\u011fl\u0131 bulundu\u011fu yasal mevzuat \u00e7er\u00e7evesinde ger\u00e7ekle\u015ftirilecektir. Saklama ve imha politikam\u0131zla ilgili ayr\u0131nt\u0131l\u0131 bilgi i\u00e7in\u00a0<strong>info@yeniufuklarsigorta.com<\/strong>\u00a0\u00fczerinden ileti\u015fime ge\u00e7ebilirsiniz.<\/p><ol start=\"6\"><li><strong> \u0130LG\u0130L\u0130 K\u0130\u015e\u0130N\u0130N HAKLARI<\/strong><\/li><\/ol><p>Yeni Ufuklar Sigorta b\u00fcnyesinde ki\u015fisel verisi i\u015flenen ger\u00e7ek ki\u015filer KVKK\u2019nun 11. maddesi uyar\u0131ca a\u015fa\u011f\u0131daki haklara sahiptirler:<\/p><ul><li>Ki\u015fisel verisinin i\u015flenip i\u015flenmedi\u011fini \u00f6\u011frenme,<\/li><li>Ki\u015fisel verileri i\u015flenmi\u015fse buna ili\u015fkin bilgi talep etme,<\/li><li>Ki\u015fisel verilerin i\u015flenme amac\u0131n\u0131 ve bunlar\u0131n amac\u0131na uygun kullan\u0131l\u0131p kullan\u0131lmad\u0131\u011f\u0131n\u0131 \u00f6\u011frenme,<\/li><li>Yurt i\u00e7inde veya yurt d\u0131\u015f\u0131nda ki\u015fisel verilerin aktar\u0131ld\u0131\u011f\u0131 \u00fc\u00e7\u00fcnc\u00fc ki\u015fileri bilme,<\/li><li>Ki\u015fisel verilerin eksik veya yanl\u0131\u015f i\u015flenmi\u015f olmas\u0131 h\u00e2linde bunlar\u0131n d\u00fczeltilmesini isteme ve bu kapsamda yap\u0131lan i\u015flemin ki\u015fisel verilerin aktar\u0131ld\u0131\u011f\u0131 \u00fc\u00e7\u00fcnc\u00fc ki\u015filere bildirilmesini isteme,<\/li><li>KVKK ve ilgili di\u011fer kanun h\u00fck\u00fcmlerine uygun olarak i\u015flenmi\u015f olmas\u0131na ra\u011fmen, i\u015flenmesini gerektiren sebeplerin ortadan kalkmas\u0131 h\u00e2linde ki\u015fisel verilerin silinmesini veya yok edilmesini isteme ve bu kapsamda yap\u0131lan i\u015flemin ki\u015fisel verileri aktar\u0131ld\u0131\u011f\u0131 \u00fc\u00e7\u00fcnc\u00fc ki\u015filere bildirilmesini isteme,<\/li><li>\u0130\u015flenen verilerin m\u00fcnhas\u0131ran otomatik sistemler vas\u0131tas\u0131yla analiz edilmesi suretiyle ki\u015finin kendisi aleyhine bir sonucun ortaya \u00e7\u0131kmas\u0131na itiraz etme,<\/li><li>Ki\u015fisel verilerin kanuna ayk\u0131r\u0131 olarak i\u015flenmesi sebebiyle zarara u\u011framas\u0131 h\u00e2linde zarar\u0131n giderilmesini talep etme,<\/li><\/ul><p>Yukar\u0131da yer alan haklara sahipsiniz.<\/p><p>\u0130lgili ki\u015fi bu haklar\u0131na ili\u015fkin taleplerini Yeni Ufuklar Sigorta\u2019ya noter arac\u0131l\u0131\u011f\u0131yla g\u00f6nderece\u011fi ihtarname ile\u00a0veya \u015eirket merkezimize kimlik ibraz etmek suretiyle \u015fahsen ba\u015fvuru y\u00f6ntemiyle ya da \u201cVeri Sorumlusuna Ba\u015fvuru Usul ve Esaslar\u0131 Hakk\u0131nda Tebli\u011f\u2019de belirtilen di\u011fer usuller ile ba\u015fvuruda bulunarak her zaman;\u00a0\u015eirketimizin; Alt\u0131ntepe Mah. \u0130stasyon Yolu Sok. No: 3\/1 Maltepe \u0130stanbul\u2019da kay\u0131tl\u0131 bulunan adresine yaz\u0131l\u0131 olarak bildirebilir. Bu durumda ilgili ki\u015finin talepleri en k\u0131sa s\u00fcrede ve nihayetinde en ge\u00e7 otuz (30) g\u00fcn i\u00e7erisinde \u00fccretsiz olarak de\u011ferlendirilip karara ba\u011flanacakt\u0131r.<\/p><p>Ba\u015fvurunuzda; Ad\u0131n\u0131z, soyad\u0131n\u0131z ve ba\u015fvuru yaz\u0131l\u0131 ise elle at\u0131lm\u0131\u015f imzan\u0131z, T\u00fcrkiye Cumhuriyeti vatanda\u015flar\u0131 i\u00e7in T.C. kimlik numaran\u0131z, yabanc\u0131lar i\u00e7in uyru\u011fu, pasaport numaran\u0131z veya varsa kimlik numaran\u0131z, Tebligata esas yerle\u015fim yeri veya i\u015f yeri adresiniz, Varsa bildirime esas elektronik posta adresiniz, telefon ve faks numaran\u0131z, Talep konunuz, yer almal\u0131 ve konuya ili\u015fkin bilgi ve belgeler de ba\u015fvuruya eklenmelidir.<\/p><ol start=\"7\"><li><strong> VER\u0130 SORUMLUSUNUN K\u0130ML\u0130\u011e\u0130<\/strong><\/li><\/ol><p><strong>\u0130nternet Adresi :<\/strong>\u00a0http:\/\/www.yeniufuklarsigorta.com\/<br \/><strong>Telefon Numaras\u0131 :<\/strong>\u00a0+90 532 650 29 39 <br \/><strong>E-Posta Adresi :<\/strong>\u00a0info@yeniufuklarsigort.com<br \/><strong>Adres :<\/strong>\u00a0Alt\u0131ntepe Mah. \u0130stasyon Yolu Sok. No: 3\/1 Maltepe \u0130stanbul<\/p><p>\u00a0<\/p><\/div><\/div>\n        <\/section>\t\t\t\t<\/div>\n\t\t\t\t<\/div>\n\t\t\t\t\t<\/div>\n\t\t<\/div>\n\t\t\t\t\t<\/div>\n\t\t<\/section>\n\t\t\t\t<\/div>\n\t\t","protected":false},"excerpt":{"rendered":"<p>KVKK Ayd\u0131nlatma Metni \u0130MT\u0130YAZ S\u0130GORTA ARACILIK H\u0130ZMETLER\u0130 A.\u015e. 6698 SAYILI K\u0130\u015e\u0130SEL VER\u0130LER\u0130N KORUNMASI KANUNU KAPSAMINDA AYDINLATMA METN\u0130 \u0130mtiyaz Sigorta Arac\u0131l\u0131k Hizmetleri A.\u015e. (\u201cYeni Ufuklar Sigorta\u201d, \u201c\u015eirket\u201d, Veri Sorumlusu), y\u00fcr\u00fctmekte oldu\u011fu faaliyetler nedeniyle ki\u015fisel verilerinizin i\u015flenmesinde 6698 say\u0131l\u0131 Ki\u015fisel Verilerin Korunmas\u0131 Kanunu (\u201cKVKK\u201d)\u2019na uygun olarak her t\u00fcrl\u00fc teknik ve hukuki tedbiri almaktad\u0131r. \u0130lgili ki\u015filer, ki\u015fisel verilerinin [&hellip;]<\/p>\n","protected":false},"author":1,"featured_media":0,"parent":0,"menu_order":0,"comment_status":"closed","ping_status":"closed","template":"","meta":{"footnotes":""},"_links":{"self":[{"href":"http:\/\/www.yeniufuklarsigorta.com\/index.php\/wp-json\/wp\/v2\/pages\/361"}],"collection":[{"href":"http:\/\/www.yeniufuklarsigorta.com\/index.php\/wp-json\/wp\/v2\/pages"}],"about":[{"href":"http:\/\/www.yeniufuklarsigorta.com\/index.php\/wp-json\/wp\/v2\/types\/page"}],"author":[{"embeddable":true,"href":"http:\/\/www.yeniufuklarsigorta.com\/index.php\/wp-json\/wp\/v2\/users\/1"}],"replies":[{"embeddable":true,"href":"http:\/\/www.yeniufuklarsigorta.com\/index.php\/wp-json\/wp\/v2\/comments?post=361"}],"version-history":[{"count":5,"href":"http:\/\/www.yeniufuklarsigorta.com\/index.php\/wp-json\/wp\/v2\/pages\/361\/revisions"}],"predecessor-version":[{"id":366,"href":"http:\/\/www.yeniufuklarsigorta.com\/index.php\/wp-json\/wp\/v2\/pages\/361\/revisions\/366"}],"wp:attachment":[{"href":"http:\/\/www.yeniufuklarsigorta.com\/index.php\/wp-json\/wp\/v2\/media?parent=361"}],"curies":[{"name":"wp","href":"https:\/\/api.w.org\/{rel}","templated":true}]}}